 9462545 and 9844.
2461
Calculate the greatest common divisor of 66 and 1638942.
6
Calculate the greatest common divisor of 2000757 and 90288.
627
What is the greatest common divisor of 69687 and 275337?
9
Calculate the highest common divisor of 69687 and 86182171.
2581
Calculate the highest common factor of 804 and 10167786.
402
Calculate the highest common factor of 13311947 and 11.
11
What is the greatest common factor of 17842182 and 84078?
1038
What is the greatest common divisor of 20 and 136907200?
20
Calculate the highest common factor of 30874886 and 1148.
574
What is the highest common divisor of 1149322 and 10161?
1129
What is the greatest common divisor of 174 and 2504652?
6
Calculate the highest common divisor of 1282 and 30626339.
641
What is the highest common divisor of 16765 and 134820?
35
What is the greatest common divisor of 8008 and 8910902?
2002
What is the highest common divisor of 173806101 and 966?
483
What is the greatest common divisor of 24 and 6255324?
12
What is the highest common factor of 74190 and 9390?
30
What is the highest common divisor of 65627926 and 392?
14
What is the greatest common divisor of 82 and 389965801?
41
Calculate the highest common divisor of 240 and 12625840.
80
What is the highest common factor of 133079 and 5?
1
Calculate the greatest common factor of 9264 and 355947198.
1158
What is the greatest common factor of 225639744 and 1254?
1254
Calculate the greatest common factor of 18561031 and 487.
487
What is the greatest common factor of 4117920 and 15180?
1380
Calculate the greatest common divisor of 685012170 and 9210.
9210
Calculate the greatest common divisor of 6432 and 2914768.
1072
Calculate the highest common divisor of 126 and 4340350.
14
Calculate the highest common factor of 5321 and 78863.
17
What is the highest common divisor of 77199606 and 360?
18
Calculate the greatest common factor of 7161 and 11928.
21
What is the greatest common factor of 4553166 and 5448?
1362
Calculate the highest common divisor of 755059582 and 76.
38
What is the highest common divisor of 11 and 4913181?
1
What is the greatest common divisor of 259 and 23074717?
37
What is the highest common factor of 4158690 and 45024?
402
What is the greatest common divisor of 4879 and 1007573?
119
What is the greatest common divisor of 384720 and 20373360?
1680
What is the greatest common factor of 311787421 and 7431?
2477
Calculate the highest common factor of 9782235 and 99.
9
Calculate the greatest common factor of 24193 and 80171.
13
Calculate the highest common divisor of 353976 and 728592.
1032
Calculate the highest common divisor of 385 and 3100735.
55
Calculate the greatest common factor of 88077558 and 7032.
1758
What is the highest common divisor of 1175120 and 240?
80
What is the highest common factor of 25955991 and 13896?
1737
What is the highest common divisor of 27027048 and 903?
129
What is the greatest common divisor of 410111 and 2483?
13
Calculate the greatest common factor of 506844 and 20748.
2964
What is the greatest common divisor of 481771059 and 2541?
2541
Calculate the greatest common divisor of 25104 and 14592.
48
What is the highest common factor of 7435279 and 69?
23
Calculate the highest common factor of 3636 and 3231324.
36
What is the highest common divisor of 52221 and 100893?
507
Calculate the greatest common divisor of 1100691 and 1413.
9
What is the greatest common divisor of 436077 and 64083?
1563
What is the highest common factor of 4000688 and 1048?
8
Calculate the greatest common divisor of 177816536 and 104.
8
What is the greatest common factor of 188512 and 6149?
43
Calculate the highest common divisor of 61 and 1325957.
61
What is the greatest common divisor of 103900779 and 513?
27
Calculate the highest common factor of 1341310 and 1996710.
1130
What is the highest common divisor of 166 and 74745982?
166
Calculate the highest common divisor of 9311 and 19.
1
What is the highest common divisor of 13 and 1474970341?
13
What is the greatest common factor of 176618 and 17758?
26
What is the greatest common factor of 135359728 and 112?
112
What is the greatest common divisor of 2823 and 53304?
3
Calculate the greatest common factor of 12814551 and 10638.
27
What is the greatest common factor of 406750 and 27258758?
3254
What is the highest common divisor of 357896 and 5602168?
7304
What is the highest common divisor of 13 and 21736819?
13
Calculate the greatest common factor of 78 and 19772259.
39
Calculate the highest common divisor of 2652540 and 279840.
660
What is the highest common divisor of 4980 and 8780985?
1245
Calculate the highest common factor of 1743403 and 333.
37
What is the highest common divisor of 464824 and 164126?
1198
Calculate the highest common factor of 66433605 and 12015.
1335
Calculate the greatest common factor of 547096 and 11968.
88
Calculate the greatest common factor of 22725 and 46331730.
4545
What is the greatest common divisor of 21 and 35349741?
21
What is the highest common factor of 52245 and 10416105?
1935
Calculate the highest common divisor of 424 and 28616872.
8
Calculate the highest common factor of 444492 and 2676.
12
What is the highest common divisor of 4598 and 6154214?
418
What is the greatest common divisor of 105972 and 141162?
6
What is the highest common divisor of 115 and 1083835?
5
Calculate the highest common factor of 90 and 397880622.
18
Calculate the highest common factor of 434606912 and 1706.
1706
Calculate the greatest common divisor of 1769 and 2618608.
61
Calculate the greatest common divisor of 1373190 and 5824.
182
What is the greatest common divisor of 3003 and 928668?
39
Calculate the greatest common factor of 8812 and 42575178.
4406
What is the highest common divisor of 5073561 and 577?
577
Calculate the greatest common factor of 145 and 18139181.
29
Calculate the greatest common divisor of 2208612 and 252.
84
What is the highest common divisor of 43034741 and 9771?
3257
What is the greatest common factor of 114688 and 5810?
14
Calculate the greatest common divisor of 733995980 and 20.
20
What is the greatest common factor of 273 and 126499919?
91
Calculate the greatest common divisor of 302791072 and 64.
32
What is the greatest common divisor of 4364 and 180108?
4
What is the greatest common divisor of 15668975 and 40425?
1225
Calculate the highest common divisor of 202700 and 135211035.
10135
What is the highest common divisor of 2289 and 62209?
7
What is the highest common divisor of 143440494 and 973?
139
Calculate the highest common factor of 5857144 and 1743.
83
What is the highest common factor of 180029 and 7102?
67
Calculate the greatest common factor of 41839 and 1997569.
973
Calculate the highest common factor of 3407380 and 80.
20
Calculate the greatest common factor of 140 and 101844260.
140
Calculate the greatest common factor of 132446089 and 1046.
523
What is the highest common factor of 280 and 35617645?
35
What is the highest common factor of 9255296 and 432?
16
What is the highest common divisor of 6038399 and 94311?
499
What is the highest common factor of 15920 and 817120?
80
What is the highest common factor of 1138 and 318024?
2
What is the highest common factor of 40 and 1367939940?
20
What is the highest common divisor of 175022640 and 468?
468
Calculate the highest common factor of 286944 and 970998.
2562
Calculate the greatest common divisor of 1253252 and 876.
4
Calculate the highest common divisor of 5577 and 1106612.
169
What is the highest common factor of 340 and 2112650?
10
Calculate the greatest common factor of 7348581 and 2232.
279
What is the greatest common divisor of 4916118 and 58860?
654
What is the highest common factor of 1457280 and 22?
22
Calculate the greatest common divisor of 72 and 4559448.
24
Calculate the greatest common divisor of 3286 and 1256842.
106
What is the highest common divisor of 48222264 and 3096?
1032
Calculate the highest common divisor of 22457910 and 12.
6
Calculate the highest common divisor of 1546267321 and 31.
31
Calculate the highest common factor of 696841 and 1421.
29
Calculate the highest common divisor of 8609186 and 3896.
974
Calculate the highest common factor of 16672293 and 110.
11
What is the highest common divisor of 384 and 1